72. Suppose -4*l + h = -i, 0 = -3*l + 2*l + 2*h + 16. Calculate the highest common factor of 2 and l.
2
Let b(z) = 6*z - 3. Let i be b(3). Let x be -2*1*21/2. Let w be 6*(-3 + x/(-6)). What is the greatest common divisor of i and w?
3
Let d be ((-4)/(-8))/(2/776). Suppose -22 = -3*r + d. Let o be (-1)/(-2) + (-30)/(-4). What is the highest common divisor of r and o?
8
Suppose -13 = 3*u - 67. Calculate the greatest common factor of 2 and u.
2
Suppose p = 6*b - 2*b - 219, -b + p + 51 = 0. Calculate the highest common factor of b and 14.
14
Let r = 126 + -98. Calculate the greatest common divisor of 21 and r.
7
Suppose -2*f = -3*j - 28, -41 = -3*f + 2*j + 2*j. Calculate the highest common divisor of f and 22.
11
Let u(t) = -t**3 - t**2 + 3*t - 3. Suppose -4*y - 16 = -4. Let p be u(y). What is the highest common divisor of 24 and p?
6
Let w = -104 + 60. Let g = w + 74. Calculate the highest common factor of g and 45.
15
Suppose a - 3 - 5 = x, -a = 5*x - 2. What is the highest common divisor of 63 and a?
7
Suppose 321 = -3*z - 21. Let t = z + 170. What is the greatest common factor of t and 14?
14
Let i = 7 - 6. Let n(y) = 3*y - 1. Let x be n(i). Calculate the greatest common factor of x and 5.
1
Let x be (-50)/(-6) - (-24)/(-18). Calculate the greatest common divisor of x and 14.
7
Let i(x) = x**3 - 9*x**2 - 6*x. Let m be i(10). Let q = -4 - -7. Suppose 9 = -q*k + 6*k, 5*j + 3*k = 34. Calculate the highest common factor of j and m.
5
Let j be -6 + 3 + 4 + 7. Let c be ((-4)/12)/(1/(-9)). Let d = c + 1. What is the greatest common factor of d and j?
4
Let v = 0 + 8. Calculate the highest common divisor of v and 8.
8
Suppose 0*s = s - 3*b - 25, 2*s - 23 = -3*b. Suppose 17 = 2*m - 4*t - 45, -5*m = 2*t - 143. Let w = m - -11. Calculate the greatest common factor of s and w.
8
Suppose 2*i - 365 = 5*t, 5*t + 173 + 12 = i. Suppose 4*c - 2*c - 246 = -3*w, -2*w + 4*c = -i. Calculate the greatest common divisor of w and 28.
28
Let f = 9 - 7. Suppose 0 = -4*a + 3*w - 48 - 65, f*a + 3*w = -79. Let s = a - -52. What is the highest common factor of s and 20?
20
Let l = 0 + 1. Let s(a) = -5*a**2 - 1. Let t be s(l). Let n = 42 - t. What is the greatest common factor of 16 and n?
16
Suppose 0 - 18 = 3*f. Let k(a) = -a + 3. Let y be k(f). What is the greatest common factor of y and 36?
9
Let d(c) = c**2 + 2*c - 10. Let l be d(10). Calculate the greatest common factor of l and 22.
22
Suppose 3*f - 9 = 15. What is the greatest common factor of 20 and f?
4
Let v(i) = 134*i + 1. Let u be v(1). Let c = -15 + 42. What is the greatest common divisor of u and c?
27
Suppose 5*c = 3*c + 8. Suppose 0 = 2*b + 2, -c*b + 3*b + 809 = 5*y. Calculate the highest common factor of 18 and y.
18
Let t be ((-30)/4)/(3/(-6)). Let q = t - 29. Let k = -4 - q. What is the highest common divisor of 100 and k?
10
Suppose -5*k - a = -253, k + 4*k - 262 = -4*a. Suppose f - 5*f + 40 = 0. What is the greatest common divisor of k and f?
10
Let b = -64 + 39. Let y = b - -39. What is the greatest common factor of y and 70?
14
Suppose 95 = 2*y + 25. Let l = -21 + y. What is the highest common divisor of l and 42?
14
Let s be (5*22)/((-15)/(-30)). Calculate the highest common factor of 20 and s.
20
Suppose 2*a - 12 = -w, -a - w + 24 = 4*a. Let d(x) = -x**2 + 5*x - 3. Let t be d(a). Calculate the greatest common factor of t and 8.
1
Let i(w) = w**3 - 13*w**2 + 28. Let m be i(13). Calculate the greatest common factor of m and 14.
14
Let a = -4 + 7. Let p = 53 - 85. Let x = -20 - p. What is the greatest common divisor of a and x?
3
Suppose 0 = -4*o + 20, u + 8*o = 3*o + 31. What is the greatest common factor of u and 42?
6
Let j(w) be the first derivative of w**2/2 - 4*w - 2. Let k be j(5). Let d be (-3)/3 - (-9)/k. Calculate the greatest common factor of d and 88.
8
Suppose -m = 3*g + 3*m - 45, 5*m = 5*g - 40. What is the greatest common factor of g and 121?
11
Suppose 96 = -a + 3*a. Suppose -4*p - p = 4*i - 62, -3*p + 3*i + a = 0. Let g be 126/12*16/6. What is the greatest common factor of g and p?
14
Let w(n) = n**3 - 4*n**2 + 5*n - 2. Let s be w(3). Suppose -5*k = 4*i - 50, s*k = 2*k - 5*i + 20. What is the greatest common divisor of 10 and k?
10
Let q = 7 + 1. Suppose u - q = -u. Calculate the highest common divisor of u and 44.
4
Suppose 36 = 4*b - 324. Let k(w) = 5*w - 2. Let j be k(4). What is the greatest common factor of j and b?
18
Suppose -2*t + 5*s = -26, -7*t + 4*s + 65 = -2*t. Calculate the greatest common factor of 143 and t.
13
Let s = -107 - -117. What is the highest common factor of s and 5?
5
Let m be (-56)/(-6) + 7/(-21). Let d(a) = 3*a**2 - 3. Let x be d(4). What is the greatest common factor of m and x?
9
Let z(g) = -3*g. Let d(b) = 2*b. Let f(o) = -6*d(o) - 5*z(o). Let y be f(5). What is the highest common divisor of 6 and y?
3
Let k be 4/(-6)*-3 - 0. Let w be ((-8)/(-6))/(2/(-18)). Let o be (1/2)/((-3)/w). Calculate the greatest common factor of k and o.
2
Let r = 598 + -374. What is the highest common divisor of r and 28?
28
Let p be 2 + (-2)/4*89*-2. Calculate the highest common factor of 13 and p.
13
Let o be (2/(-3))/((-1)/81). Calculate the greatest common factor of 135 and o.
27
Let u(r) = -r**3 - 7*r**2 - 2*r - 8. Let f be u(-7). Suppose f*g = g + 320. Let w(c) = -9*c - 2. Let z be w(-2). What is the greatest common divisor of z and g?
16
Let g = -132 - -341. Calculate the highest common factor of g and 19.
19
Let l be -280*(28/(-8) + 3). Calculate the greatest common factor of l and 20.
20
Let h be 3480/220 + (-4)/(-22). Calculate the highest common factor of h and 2.
2
Suppose -93 = -4*q + 391. Calculate the highest common factor of q and 11.
11
Let u(a) = a**3 - 9*a**2 + a + 17. Let s be u(9). Calculate the greatest common divisor of s and 39.
13
Let x = -33 + 55. Suppose -2*d = -0 + x. Let w = 4 - d. Calculate the highest common factor of 75 and w.
15
Suppose -5*p = -3*h + 121, 0*h + 4*p - 44 = -2*h. What is the greatest common divisor of h and 160?
32
Suppose 0 = 4*n + 8, -z - n + 11 - 2 = 0. What is the greatest common divisor of z and 33?
11
Let s(p) = 18*p + 2. Let o be s(2). Let r be (171/6)/(8/16). What is the greatest common divisor of r and o?
19
Let x(i) = 6*i**2 - 5*i + 4. Let l be x(2). Calculate the highest common factor of 45 and l.
9
Suppose -2*t + 51 = 9. What is the greatest common factor of t and 42?
21
Let t(r) = r**2 - 3*r - 27. Let w be t(-12). Calculate the highest common divisor of 17 and w.
17
Let o be 2/2*(-22)/(-2). Let h = 82 + -65. Let r = h - o. What is the greatest common divisor of 42 and r?
6
Suppose 5*u - 17 = 2*a, 0 = 6*a - 2*a - 4*u + 4. Suppose 0 = -a*j - 0*j - 12. Let h be 12/9 + 1/j. What is the greatest common factor of 7 and h?
1
Suppose 6*b = 8*b. Suppose b*m = 4*m - 8. What is the highest common divisor of m and 16?
2
Let i be 18/(1 + 1) + 3. What is the greatest common factor of 12 and i?
12
Let f = -95 - -151. Calculate the highest common factor of 14 and f.
14
Let y(a) = -2*a - 2055. Let l be y(0). Let m be (-6)/18 - l/9. What is the highest common divisor of 38 and m?
38
Let c be 28/8*(3 - -13). Calculate the highest common divisor of c and 16.
8
Let p = 1 + 3. Suppose 0 = i - p*q + 1 + 2, 5*i = 5*q + 15. What is the greatest common factor of i and 10?
5
Let w(m) = -5*m - 9. Let b be w(-11). What is the greatest common factor of b and 138?
46
Let u(y) = y**2 - 6*y + 3. Let h be u(-7). Let z = h + -44. What is the highest common divisor of z and 25?
25
Let k(q) = q**3 - 3*q**2 - 2*q + 2. Let l be k(4). Let s = l - 6. What is the highest common factor of s and 16?
4
Let k = 12 + 76. Let i be (2/(-5))/((-1)/5). Let b be i*3 + 1 - -1. Calculate the greatest common divisor of b and k.
8
Let p be (-1)/(3 + (-10)/3). Let z(d) = d**2 - 2*d + 3. Let a be z(p). What is the greatest common divisor of 9 and a?
3
Suppose 0 = 2*w - d - 4, -w + 5*d + 6 = 2*w. What is the highest common divisor of w and 5?
1
Suppose 0 = 6*m - 224 + 26. Suppose 0 = -2*h + o + 39, 2*h - 34 = -0*o + 2*o. Calculate the greatest common divisor of m and h.
11
Let k(s) = 12*s**2. Let x be k(-2). Suppose -2*o = 4*z - 88, -2*z - o - 2*o = -x. Calculate the highest common factor of 21 and z.
21
Suppose -84 = -2*p - p. What is the greatest common divisor of p and 